rime factors of 2853609.
3, 11, 43, 2011
List the prime factors of 950168602.
2, 1621, 293081
List the prime factors of 1457562903.
3, 19, 25571279
List the prime factors of 226542257.
226542257
List the prime factors of 109164516.
2, 3, 31, 293453
List the prime factors of 731694381.
3, 11, 709, 2843
What are the prime factors of 1918036419?
3, 13, 89, 552589
List the prime factors of 54952624.
2, 43, 79873
List the prime factors of 250434618.
2, 3, 7, 5962729
What are the prime factors of 2953681849?
2953681849
List the prime factors of 96014312.
2, 167, 71867
What are the prime factors of 136598609?
7, 419, 46573
List the prime factors of 4821263352.
2, 3, 59, 107, 10607
List the prime factors of 5628928821.
3, 47, 67, 595843
List the prime factors of 42605736.
2, 3, 571, 3109
What are the prime factors of 101205389?
29, 3489841
List the prime factors of 1717182016.
2, 11, 2439179
What are the prime factors of 25711725?
3, 5, 13, 26371
What are the prime factors of 74257590?
2, 3, 5, 11, 225023
List the prime factors of 608108945.
5, 121621789
What are the prime factors of 50320256?
2, 7, 71, 113
List the prime factors of 5551664925.
3, 5, 17, 443, 9829
What are the prime factors of 27016801?
7, 1801, 2143
List the prime factors of 381555593.
479, 796567
List the prime factors of 35264982.
2, 3, 317, 18541
List the prime factors of 20031218.
2, 10015609
List the prime factors of 987746376.
2, 3, 17, 37, 59, 1109
What are the prime factors of 38399568?
2, 3, 799991
List the prime factors of 276445683.
3, 911, 11239
What are the prime factors of 520970524?
2, 101, 1289531
What are the prime factors of 50523084?
2, 3, 827, 1697
What are the prime factors of 2572186774?
2, 59, 347, 62819
What are the prime factors of 3470925525?
3, 5, 71, 73, 8929
What are the prime factors of 9920443?
13, 763111
What are the prime factors of 306380213?
67, 751, 6089
What are the prime factors of 156365318?
2, 227, 344417
What are the prime factors of 58924179?
3, 727459
List the prime factors of 118360411.
13, 9104647
List the prime factors of 35712975.
3, 5, 97, 4909
List the prime factors of 68106501.
3, 840821
List the prime factors of 1722058741.
13, 17, 7792121
What are the prime factors of 4333309029?
3, 7, 22927561
List the prime factors of 3125918379.
3, 1041972793
What are the prime factors of 28520019?
3, 11, 32009
What are the prime factors of 7464132844?
2, 7, 266576173
What are the prime factors of 3094508149?
3094508149
List the prime factors of 73942985.
5, 47, 314651
What are the prime factors of 790759465?
5, 43, 3677951
List the prime factors of 438388295.
5, 87677659
What are the prime factors of 556437809?
431, 677, 1907
List the prime factors of 996392072.
2, 13, 19, 504247
What are the prime factors of 1017321913?
16267, 62539
List the prime factors of 4241764812.
2, 3, 353480401
What are the prime factors of 396781249?
396781249
List the prime factors of 50442151.
23, 2193137
What are the prime factors of 5272868594?
2, 7, 37, 349, 29167
List the prime factors of 13061828.
2, 13, 239, 1051
What are the prime factors of 2600644145?
5, 11, 41, 691, 1669
List the prime factors of 176361095.
5, 293, 120383
What are the prime factors of 83611512?
2, 3, 107, 10853
What are the prime factors of 1384859840?
2, 5, 7, 13, 19, 2503
List the prime factors of 595167761.
19, 271, 115589
What are the prime factors of 3326869369?
73, 257, 383, 463
List the prime factors of 3942325145.
5, 11, 71678639
What are the prime factors of 42878152?
2, 5359769
What are the prime factors of 220640004?
2, 3, 13, 29, 5419
What are the prime factors of 3742572902?
2, 29, 563, 114613
What are the prime factors of 58025707?
31, 271, 6907
What are the prime factors of 97132688?
2, 1063, 5711
List the prime factors of 180374582.
2, 53, 1701647
List the prime factors of 17687779.
17687779
What are the prime factors of 6832333542?
2, 3, 151, 431, 17497
List the prime factors of 5661202374.
2, 3, 2711, 38671
What are the prime factors of 2220647741?
13, 233, 281, 2609
List the prime factors of 306720943.
137, 677, 3307
List the prime factors of 383872455.
3, 5, 79, 107981
List the prime factors of 96913173.
3, 7, 4614913
List the prime factors of 154682397.
3, 61, 139, 2027
What are the prime factors of 671707033?
47, 14291639
What are the prime factors of 21568965?
3, 5, 11, 37, 3533
What are the prime factors of 112527259?
13, 43, 47, 4283
List the prime factors of 87495493.
87495493
What are the prime factors of 59402230?
2, 5, 5940223
What are the prime factors of 260499296?
2, 17, 389, 1231
What are the prime factors of 98394387?
3, 7, 13, 439, 821
List the prime factors of 27745916.
2, 11, 630589
What are the prime factors of 262425732?
2, 3, 43, 508577
List the prime factors of 2516634047.
73, 1597, 21587
What are the prime factors of 437134864?
2, 29, 942101
List the prime factors of 506953335.
3, 5, 7, 683, 7069
List the prime factors of 106536781.
13, 19, 181, 2383
List the prime factors of 1664960832.
2, 3, 397, 809
What are the prime factors of 35165183?
23, 281, 5441
List the prime factors of 8749729748.
2, 19, 10061, 11443
List the prime factors of 227768740.
2, 5, 11388437
List the prime factors of 163468467.
3, 18163163
List the prime factors of 3061571948.
2, 765392987
List the prime factors of 5789383634.
2, 3491, 829187
What are the prime factors of 305244625?
5, 7, 348851
What are the prime factors of 36910162?
2, 17, 557, 1949
List the prime factors of 45368239.
7, 6481177
List the prime factors of 6168940.
2, 5, 308447
What are the prime factors of 7084218164?
2, 61, 1789, 16229
List the prime factors of 29414227.
29414227
List the prime factors of 57347535.
3, 5, 7, 151, 3617
List the prime factors of 358580667.
3, 83, 131, 10993
What are the prime factors of 6295864949?
11, 17, 4373, 7699
List the prime factors of 6074311.
29, 209459
List the prime factors of 1163966477.
1163966477
List the prime factors of 4935071985.
3, 5, 139, 673, 3517
List the prime factors of 282067782.
2, 3, 41, 61, 18797
List the prime factors of 43998548.
2, 11, 31, 32257
What are the prime factors of 117795156?
2, 3, 2699, 3637
What are the prime factors of 1602207767?
281, 5701807
What are the prime factors of 3252356?
2, 813089
List the prime factors of 140980539.
3, 7, 89, 75431
List the prime factors of 221017744.
2, 179, 77171
What are the prime factors of 9928439?
577, 17207
What are the prime factors of 25648080?
2, 3, 5, 106867
What are the prime factors of 862057929?
3, 499, 575857
List the prime factors of 1002260254.
2, 43, 2153, 5413
What are the prime factors of 1280927283?
3, 4129, 103409
List the prime factors of 385047780.
2, 3, 5, 13, 263, 1877
List the prime factors of 1087534383.
3, 13, 4099, 6803
What are the prime factors of 669189189?
3, 223063063
List the prime factors of 177479852.
2, 11, 4033633
List the prime factors of 26218814.
2, 13109407
List the prime factors of 96761873.
13, 7443221
List the prime factors of 486727335.
3, 5, 523, 20681
What are the prime factors of 68522320?
2, 5, 856529
What are the prime factors of 206550212?
2, 11, 23, 204101
What are the prime factors of 3185929714?
2, 11, 557, 259991
List the prime factors of 395642148.
2, 3, 11, 367, 8167
What are the prime factors of 3387142274?
2, 19, 31, 2875333
List the prime factors of 748368669.
3, 249456223
What are the prime factors of 2213634817?
83, 919, 29021
List the prime factors of 392538987.
3, 14538481
List the prime factors of 197576646.
2, 3, 263, 125207
List the prime factors of 142584463.
7, 197, 14771
What are the prime factors of 2105752521?
3, 701917507
What are the prime factors of 134166314?
2, 23, 419, 6961
What are the prime factors of 1942371694?
2, 971185847
List the prime factors of 512601972.
2, 3, 127, 336353
What are the prime factors of 436525390?
2, 5, 7, 1223, 5099
What are the prime factors of 4128103600?
2, 5, 29, 239, 1489
List the prime factors of 2272072.
2, 11, 25819
List the prime factors of 54167580.
2, 3, 5, 300931
List the prime factors of 1499187504.
2, 3, 31233073
List the prime factors of 230780119.
230780119
List the prime factors of 5751092712.
2, 3, 101, 2372563
What are the prime factors of 824178132?
2, 3, 7631279
What are the p